ase 7?
-23511
What is 10000101000 (base 2) in base 16?
428
What is -100111100110000 (base 2) in base 8?
-47460
-31260 (base 8) to base 16
-32b0
What is -56ac (base 13) in base 16?
-2f6d
-92a (base 16) to base 10
-2346
What is -102212121 (base 3) in base 15?
-2871
-642 (base 7) to base 8
-504
What is -145 (base 15) in base 5?
-2130
What is 2002 (base 8) in base 14?
534
Convert -547 (base 14) to base 13.
-623
What is 11056 (base 8) in base 15?
15a4
What is 24155 (base 6) in base 10?
3527
What is -11124 (base 5) in base 9?
-1066
Convert -373a (base 14) to base 13.
-451a
Convert 23213 (base 6) to base 14.
12d3
What is 565 (base 16) in base 12?
971
Convert 241 (base 16) to base 11.
485
Convert f77 (base 16) to base 12.
235b
What is 3259 (base 16) in base 3?
122200101
53a (base 15) to base 11
983
Convert 1717 (base 11) to base 7.
6255
Convert 2026 (base 14) to base 10.
5522
Convert 221213 (base 4) to base 14.
d83
What is -2b7 (base 14) in base 2?
-1000101001
What is 5477 (base 9) in base 8?
7707
Convert -12ec (base 16) to base 7.
-20060
-13133 (base 4) to base 8
-737
What is -10000000100 (base 2) in base 11?
-855
13765 (base 11) to base 7
111001
829a (base 12) to base 8
33626
1162 (base 9) to base 12
602
What is 7890 (base 12) in base 13?
6105
What is 102012 (base 4) in base 12?
806
What is -dd47 (base 15) in base 6?
-1000551
Convert 8d6 (base 16) to base 6.
14250
Convert 152 (base 16) to base 13.
200
-336 (base 10) to base 11
-286
What is -369 (base 11) in base 16?
-1b6
Convert -137 (base 9) to base 14.
-83
-33400 (base 7) to base 2
-10000011101100
Convert -445a (base 11) to base 9.
-8045
What is 2132001 (base 4) in base 10?
10113
Convert -297 (base 10) to base 7.
-603
What is -23 (base 5) in base 7?
-16
What is 18083 (base 10) in base 6?
215415
214516 (base 8) to base 7
416645
1762 (base 12) to base 11
2125
What is -1739 (base 15) in base 13?
-237c
-320524 (base 6) to base 2
-110011000000100
-130320 (base 5) to base 3
-20222100
Convert 11515 (base 7) to base 6.
21521
-27 (base 14) to base 4
-203
What is 20310 (base 9) in base 10?
13374
-254 (base 6) to base 5
-411
-12121 (base 3) to base 16
-97
11000000011000 (base 2) to base 11
9283
266 (base 8) to base 4
2312
Convert 342 (base 9) to base 14.
161
What is -1317 (base 9) in base 2?
-1111011100
-1141 (base 6) to base 2
-100010101
What is -101210111 (base 3) in base 2?
-1111010111110
What is 10034 (base 5) in base 7?
1610
What is 11000011111 (base 2) in base 16?
61f
Convert -10200223 (base 4) to base 9.
-27307
Convert -31511 (base 6) to base 4.
-1003003
-54632 (base 7) to base 6
-143222
Convert -2363 (base 8) to base 5.
-20032
Convert 1376 (base 8) to base 14.
3ca
What is -14e5 (base 16) in base 12?
-3119
Convert 1055335 (base 6) to base 16.
d44b
3924 (base 12) to base 15
1ddd
4b8 (base 12) to base 7
2042
What is 250204 (base 7) in base 15?
d831
1996 (base 12) to base 5
100023
What is -13651 (base 8) in base 9?
-8270
-666 (base 11) to base 13
-495
What is 14542 (base 8) in base 10?
6498
What is 127b9 (base 12) in base 2?
110001011111101
What is -558 (base 13) in base 8?
-1626
-36566 (base 8) to base 3
-210120202
What is -210102220 (base 3) in base 11?
-1081a
Convert -100111000 (base 2) to base 4.
-10320
What is -322c (base 14) in base 5?
-234124
-6082 (base 13) to base 5
-411123
What is 153 (base 12) in base 15?
dc
What is 21987 (base 11) in base 13?
1161c
What is 323230 (base 4) in base 12?
2264
-230014 (base 5) to base 15
-2624
Convert -25025 (base 8) to base 5.
-321043
What is -354 (base 12) in base 5?
-3441
Convert 25746 (base 8) to base 10.
11238
What is 5c1 (base 15) in base 10?
1306
Convert -1201 (base 7) to base 9.
-541
Convert 152 (base 14) to base 10.
268
Convert -10001101100011 (base 2) to base 8.
-21543
What is 2034 (base 7) in base 4?
23013
-1250 (base 9) to base 8
-1650
0 (base 10) to base 11
0
What is 1010001101 (base 2) in base 12?
465
What is -4353 (base 7) in base 10?
-1557
Convert -132024 (base 6) to base 13.
-5689
-30100 (base 6) to base 12
-2330
What is f04 (base 16) in base 12?
2284
Convert 121022 (base 4) to base 2.
11001001010
11111020 (base 3) to base 2
110011001001
What is -47 (base 11) in base 12?
-43
What is -231 (base 14) in base 7?
-1161
What is -111011011 (base 2) in base 15?
-21a
What is 130011 (base 5) in base 6?
35102
2000022101 (base 3) to base 4
21222220
What is -1011 (base 2) in base 13?
-b
What is -68476 (base 9) in base 13?
-179a0
What is 634 (base 7) in base 3?
102211
What is -1101001010 (base 2) in base 12?
-5a2
Convert -3955 (base 11) to base 2.
-1010000010110
58931 (base 10) to base 15
126db
5849 (base 11) to base 3
101112022
Convert -366 (base 14) to base 10.
-678
6890 (base 11) to base 16
235d
What is a59 (base 16) in base 8?
5131
-133033 (base 4) to base 10
-1999
What is -12300103 (base 4) in base 2?
-110110000010011
-ae43 (base 16) to base 5
-2411421
What is 658a (base 11) in base 8?
20761
21442 (base 5) to base 6
10533
-28e (base 16) to base 13
-3b4
2121101 (base 3) to base 8
3554
-10122 (base 5) to base 12
-472
What is -10112101 (base 4) in base 11?
-12420
Convert -2044 (base 6) to base 14.
-24c
1805 (base 11) to base 14
ba8
What is 16a8 (base 11) in base 3?
2222120
-34 (base 8) to base 6
-44
What is -214 (base 14) in base 3?
-120012
-33021320 (base 4) to base 12
-2bb08
What is -25c (base 15) in base 5?
-4122
Convert -6dc (base 15) to base 11.
-1196
What is 645 (base 11) in base 12?
547
121 (base 14) to base 8
341
7235 (base 14) to base 4
10302333
What is -35353 (base 7) in base 6?
-110051
Convert 3340 (base 5) to base 3.
122102
2421 (base 5) to base 9
441
What is 13122 (base 5) in base 15?
492
Convert 1002212 (base 4) to base 8.
10246
Convert 1203 (base 11) to base 4.
120220
Convert 1001101011110 (base 2) to base 13.
2345
1040 (base 8) to base 11
455
Convert -11010101111 (base 2) to base 6.
-11531
What is -1010210 (base 3) in base 7?
-2265
Convert -211424 (base 5) to base 9.
-10674
-4479 (base 15) to base 7
-60213
Convert 10597 (base 15) to base 13.
1a809
What is 212100 (base 3) in base 5?
10010
359 (base 15) to base 14
3c3
What is -1002221 (base 3) in base 12?
-574
Convert 3075 (base 10) to base 12.
1943
Convert 110002122 (base 3) to base 5.
240234
What is -23230 (base 5) in base 9?
-2277
What is -311311 (base 4) in base 9?
-4647
Convert -1661 (base 7) to base 16.
-2a8
What is -57706 (base 8) in base 16?
-5fc6
Convert -127 (base 16) to base 15.
-14a
-132133 (base 5) to base 9
-7231
What is 1012212 (base 4) in base 15?
1513
Convert -1523 (base 10) to base 2.
-10111110011
Convert 14c29 (base 13) to base 16.
99f4
What is 4386 (base 15) in base 6?
150113
Convert -6b3 (base 14) to base 2.
-10100110101
What is 1ffb (base 16) in base 5?
230222
What is -25323 (base 6) in base 7?
-14031
What is -101 (base 3) in base 14?
-a
-2a8 (base 11) to base 5
-2420
Convert -14ed (base 15) to base 3.
-20011121
Convert -33210 (base 4) to base 11.
-826
What is 311333 (base 4) in base 11?
2661
What is -26d (base 14) in base 4?
-13221
7964 (base 13) to base 14
6290
-2042 (base 5) to base 4
-10100
Convert c2 (base 16) to base 4.
3002
-110010110101 (base 2) to base 13
-1633
-35 (base 12) to base 6
-105
Convert 673 (base 9) to base 12.
3a0
Convert -14105 (base 7) to base 5.
-110302
What is -43356 (base 9) in base 7?
-146514
What is 14696 (base 11) in base 16?
513c
Convert -20 (base 6) to base 12.
-10
Convert -11132 (base 4) to base 12.
-252
-75442 (base 10) to base 12
-377aa
19772 (base 10) to base 3
1000010022
What is -4568 (base 14) in base 5?
-341143
Convert -124221 (base 5) to base 10.
-4936
What is -23303322 (base 4) in base 16?
-bcfa
What is -185 (base 14) in base 7?
-625
Convert -13211 (base 4) to base 2.
-111100101
What is -35d (base 16) in base 13?
-513
Convert 3212 (base 5) to base 12.
300
-3061 (base 7) to base 12
-754
What is -254 (base 13) in base 8?
-627
What is -1021 (base 7) in base 12?
-25a
-2650 (base 7) to base 12
-707
What is a82 (base 14) in base 8?
4032
What is -220421 (base 5) in base 7?
-31122
Convert -11110110011 (base 2) to base 5.
-30341
-1535 (base 10) to base 5
-22120
What is -c75 (base 15) in base 12?
-1762
Convert -190c (base 14) to base 12.
-2748
5124 (base 6) to base 9
1487
26b (base 15) to base 7
1415
Convert -119d (base 14) to base 16.
-c0